 + 51. Let j be y(0). What is the greatest common factor of j and u?
17
Let p be 0 + 1 + 3 + 0. Suppose -3*l = 0, -2*l + 2 = 2*o - p. What is the highest common divisor of 21 and o?
3
Let t be (-1)/(-1) - (0 + -2). Suppose t*h + 21 = 66. What is the greatest common divisor of h and 75?
15
Suppose -5*q = 2*m - 110, 5*q - 3*m - 62 = 23. What is the highest common divisor of q and 8?
4
Let i = 7 + -5. Let o = i + -1. Calculate the highest common factor of o and 4.
1
Let f(m) = m**2 + 7*m - 3. Let r be -6*((-30)/(-9) + -2). Let o be f(r). Suppose 4*n + n = 225. What is the highest common factor of o and n?
5
Let g = -1 + 6. Suppose -261 = -g*j + 3*a, j - 4*a = -2*j + 150. Calculate the highest common factor of 6 and j.
6
Let p(b) = -b + 7. Let k be p(5). Suppose 2*o - 10 = -0*o + k*s, 25 = 3*o + 2*s. What is the highest common divisor of o and 1?
1
Let i(c) = 9*c**2 - 3*c - 2. Let a be i(-2). Let x be (-146)/(-9) + 6/(-27). Calculate the highest common factor of a and x.
8
Suppose -4*y + 20 = -v, -v = -3*v. Let d(r) = 16*r**2 - r. Let o be d(1). Suppose o = 4*i - i. Calculate the greatest common factor of i and y.
5
Let m = 1 - -5. Suppose -l + m - 1 = 0. Calculate the highest common divisor of 20 and l.
5
Suppose 5*x + 33 = 3*s, x + 0*x = -3. Calculate the highest common divisor of 66 and s.
6
Suppose 36 = 2*j - 34. Suppose 0 = -3*p - j + 8. Let l be (-250)/p - (-2)/9. Calculate the highest common divisor of l and 42.
14
Let b(y) = -y - 61. Let n be b(0). Let x = 484 - n. Suppose 0*u = -5*u + 5*o + x, o = 3. Calculate the highest common factor of u and 16.
16
Let m(b) = -b**3 + 3*b**2 + 2*b - 3. Let g be m(3). Suppose -n = 3*x - 24, 3*x + 0*n - g*n = 24. What is the highest common divisor of 12 and x?
4
Let p be (-4)/(-2)*4*51/24. Let q be (2 + -2)*(-1)/2. Suppose q = -3*u + 6 + 45. What is the highest common factor of u and p?
17
Let y(i) = 3*i**3 - 2*i**3 - 2 + 7*i**2 - 4*i**2 + 4*i. Let g be y(3). Calculate the greatest common factor of 8 and g.
8
Suppose 3*p + 11 = 4*p. Calculate the highest common divisor of 99 and p.
11
Let k = 9 - -43. Suppose -31 = 5*z - 6. Let t = 18 + z. What is the highest common factor of k and t?
13
Let l(o) = o**2 + 14*o + 10. Let a be l(-15). Calculate the greatest common divisor of a and 50.
25
Let x be (8 + 0)*2/4. Suppose 0*o + x*o = 36. What is the greatest common divisor of 9 and o?
9
Suppose 0*g + 414 = 2*g - j, -2*j - 622 = -3*g. Suppose 7*q - 13*q = -24. Suppose -g = -q*z + 406. Calculate the highest common divisor of z and 17.
17
Suppose -11*f + 3*f + 56 = 0. Calculate the greatest common divisor of f and 49.
7
Let i = 2 + 7. Let u be -3*3*6/i. Let r(m) = -13*m. Let s be r(u). What is the highest common factor of 26 and s?
26
Suppose -c - c + 52 = 0. Let z be 8/44 + 62*(-69)/(-66). Calculate the highest common divisor of z and c.
13
Let w(n) = -29*n - 1. Let z be w(-2). Suppose 0*g + z = 3*g. What is the highest common divisor of 209 and g?
19
Suppose o - 33 = -5*a, -12 - 15 = -o - 3*a. Calculate the greatest common divisor of o and 90.
18
Let o be 12*(6/9 - -3). What is the highest common divisor of 4 and o?
4
Let z(k) be the third derivative of -k**6/30 - k**5/60 - k**4/8 - k**3/3 - 5*k**2. Let m be z(-2). What is the greatest common divisor of 64 and m?
32
Let c = -10 + 20. Suppose 0 = -w + 4*w. Let m = w + c. What is the highest common divisor of m and 40?
10
Let r = -119 + 269. Calculate the greatest common divisor of r and 30.
30
Let v(y) = 2*y - 3. Let c be v(7). Let z be 1 + 1 + 0 + 20. Calculate the highest common divisor of c and z.
11
Let b be 2/4 - 6/(-12). What is the greatest common factor of b and 1?
1
Let p(z) = -131*z**3 - z. Let l = -3 + 2. Let t be p(l). Let d(a) = 2*a**2 - 2*a. Let o be d(-2). What is the highest common divisor of o and t?
12
Suppose -5*a + 16 = -a. Suppose -4*k + 92 = a*m, -11 = -3*k - 2. Let u(f) = 2*f. Let x be u(5). Calculate the greatest common divisor of x and m.
10
Let m(l) = 2*l + 3 + 0*l + 0*l + 4*l. Let z be m(5). What is the greatest common factor of 3 and z?
3
Let g(f) = -f**3 + 9*f**2 + 12*f + 4. Let d be g(10). What is the highest common factor of d and 12?
12
Let o be 30*(-5)/((-45)/12). What is the highest common factor of o and 10?
10
Suppose -3*a + 8*a - 95 = 0. Calculate the greatest common divisor of 171 and a.
19
Let v be 5/7 - 26/(-91). What is the greatest common divisor of 5 and v?
1
Let m be 8/20 + 24/(-10). Let w(l) = -2*l**3 - 4*l**2 - 4*l - 2. Let j be w(m). Calculate the highest common divisor of 6 and j.
6
Let q(j) = -j**2 - 21*j + 15. Let w be q(-21). Calculate the greatest common factor of 165 and w.
15
Suppose -3*j + 139 = -5*x - 36, 5*x + 295 = 5*j. What is the highest common factor of 15 and j?
15
Let s be 29 + -1*15/5. What is the highest common factor of 117 and s?
13
Let h = 16 - 16. Let k be 9 + (h - 3 - -5). What is the greatest common factor of 22 and k?
11
Let l(b) = 3 + 0 + 6*b + 4*b + 3 + b**2. Let a be l(-10). What is the highest common divisor of a and 18?
6
Let n(t) = t**3 + 7*t**2 + 6. Let b be n(-7). Let h = 35 + -39. Let x = h + b. What is the greatest common divisor of x and 1?
1
Suppose -5*a = -5*w - 45, -5*w + 8*w - 18 = -2*a. Let q be ((-99)/5)/((-2)/10). What is the highest common divisor of a and q?
9
Let f(j) = j - 5. Let o be f(5). Suppose 4*r - 27 - 93 = o. Calculate the greatest common divisor of r and 15.
15
Suppose 2 = 4*h - 2. Let b = h - 2. Let m be b/3 - 91/(-3). What is the highest common factor of 6 and m?
6
Suppose -3*j - 2*j + 105 = 0. Let t = 5 - 2. Let h(x) = 37*x - 6. Let k be h(t). Calculate the greatest common divisor of k and j.
21
Let f be 13 + (2/1 - 4). Calculate the highest common divisor of f and 99.
11
Suppose -9*o + 572 + 1066 = 0. What is the greatest common divisor of 26 and o?
26
Let v(t) = -1 + 1 - 3 - 9*t. Let i be v(-3). Suppose 2*p - l = 2, -4*p - 3*l = -p - 21. What is the greatest common divisor of i and p?
3
Suppose -m = 3*m. Let f be 4/6 - 2/3. Suppose f*j - 2*j + 10 = m. What is the highest common factor of 25 and j?
5
Let q(y) be the second derivative of 0 + 4/5*y**5 - y + 0*y**3 + 1/6*y**4 + 0*y**2. Let m be q(2). Calculate the highest common factor of m and 17.
17
Suppose -t + 2*l + 18 = 0, -10 = -3*l - 1. Calculate the highest common factor of 18 and t.
6
Let v(o) = -o**3 + 3*o**2 + 2*o. Let j = 2 - -1. Let t be v(j). Suppose 3*p - 2*p - t = 0. Calculate the greatest common divisor of 30 and p.
6
Suppose -3*t + 3 = 2*q - 12, 0 = -t - 5*q - 8. Suppose 3*l + 0*l - 102 = -z, 4*z - 23 = -l. Calculate the highest common factor of l and t.
7
Let n(m) be the third derivative of m**4/24 + 8*m**3/3 - 10*m**2. Let r be n(5). What is the highest common factor of r and 3?
3
Suppose 0 = -v - 4*v + 55. Let j be 10/(-14) + 4/(-14). Let y be 1 + (j - (2 + -123)). What is the highest common divisor of v and y?
11
Let f = 103 + -23. Calculate the greatest common factor of f and 32.
16
Let k = 127 + -72. What is the greatest common factor of 11 and k?
11
Let a be 6/9*3/2. Let i = -4 + 6. Let h be i/3 - 28/(-12). What is the greatest common divisor of a and h?
1
Let t(f) = 9*f + 3. Let b be t(3). Suppose -3*v - b = -8*v. Calculate the highest common factor of 12 and v.
6
Let f(n) = 69*n + 6. Let v be f(2). Calculate the highest common divisor of 18 and v.
18
Let j = -4 - -9. Suppose -2*i + 12 = 2*i. Suppose i*y - 4*y = -2. What is the highest common factor of j and y?
1
Let p(i) be the first derivative of i**4/4 - i**3/3 + 2*i - 1. Let j be p(2). Let z = 86 - 38. Calculate the highest common divisor of j and z.
6
Let v(l) = -2*l**2 + 2*l + 6. Let m be v(0). Calculate the highest common factor of 12 and m.
6
Suppose 2*c - g - 26 = 0, -5*c - g = -5 - 60. Calculate the highest common divisor of c and 26.
13
Suppose 0 = -3*q + 7*q - 140. Calculate the greatest common factor of 7 and q.
7
Suppose -a - 4*o + 25 = 0, a - 4*a + 4*o - 5 = 0. Suppose 277 = 2*y - 3*x, -727 = -a*y - 2*x - 2*x. Calculate the highest common factor of y and 13.
13
Suppose -3*l + 4 = -2, 10 = -4*k - l. Let x be (-46)/k - (-5)/(-15). Suppose -7*r + 616 = -539. Calculate the greatest common divisor of x and r.
15
Let b be (-4)/(-7) + 8/((-56)/(-381)). What is the greatest common factor of b and 33?
11
Let j = 25 - 20. Calc